alse
Is 23945 a prime number?
False
Is 194189 a composite number?
True
Is 229393 a prime number?
True
Is 205055 prime?
False
Is 7493 a composite number?
True
Is 22261 a prime number?
False
Is 56983 composite?
False
Is 5021 a prime number?
True
Is 157087 composite?
True
Is 220615 prime?
False
Is 1814 a prime number?
False
Is 140821 a composite number?
True
Is 79579 a composite number?
False
Is 501967 composite?
False
Is 2095 a prime number?
False
Is 56309 composite?
True
Is 154957 prime?
False
Is 598421 a prime number?
True
Is 514 a composite number?
True
Is 751 a composite number?
False
Is 32909 prime?
True
Is 88721 prime?
True
Is 317369 a composite number?
True
Is 103135 a composite number?
True
Is 426527 prime?
True
Is 72586 a composite number?
True
Is 19739 composite?
False
Is 16381 a composite number?
False
Is 274919 composite?
True
Is 520679 composite?
False
Is 378901 prime?
True
Is 147751 composite?
True
Is 64849 prime?
True
Is 90941 prime?
False
Is 76267 a prime number?
False
Is 16787 a composite number?
False
Is 15481 a prime number?
False
Is 8977 a prime number?
False
Is 794 a composite number?
True
Is 2929 prime?
False
Is 5223 a prime number?
False
Is 2099 prime?
True
Is 202757 prime?
True
Is 148123 a composite number?
False
Is 532663 prime?
True
Is 144023 a composite number?
True
Is 879881 a prime number?
True
Is 10039 composite?
False
Is 3049 prime?
True
Is 308891 a prime number?
False
Is 4446374 a composite number?
True
Is 249313 composite?
True
Is 93593 composite?
True
Is 102137 a prime number?
False
Is 417499 a composite number?
True
Is 317 a composite number?
False
Is 166769 prime?
False
Is 106103 a prime number?
True
Is 6079 composite?
False
Is 3319 composite?
False
Is 1009 composite?
False
Is 55229 prime?
True
Is 163477 a composite number?
False
Is 49559 a prime number?
True
Is 82057 a prime number?
False
Is 521599 prime?
False
Is 2579 prime?
True
Is 992891 prime?
True
Is 26279 a composite number?
True
Is 63883 composite?
True
Is 130303 a composite number?
False
Is 91229 composite?
False
Is 175073 a prime number?
False
Is 568511 composite?
True
Is 15479 composite?
True
Is 889171 a composite number?
False
Is 122747 composite?
True
Is 8717 a prime number?
False
Is 1177009 a composite number?
False
Is 19387 prime?
True
Is 153861 composite?
True
Is 868033 composite?
False
Is 4609 a prime number?
False
Is 11303 a composite number?
True
Is 151535 prime?
False
Is 213791 composite?
False
Is 466763 composite?
True
Is 9037 a composite number?
True
Is 135173 a composite number?
False
Is 160813 a composite number?
False
Is 42454 a composite number?
True
Is 61001 a composite number?
False
Is 32183 a prime number?
True
Is 6843 composite?
True
Is 8637 a composite number?
True
Is 2019 composite?
True
Is 18013 composite?
False
Is 58 a composite number?
True
Is 813859 a prime number?
False
Is 9643 prime?
True
Is 70757 composite?
True
Is 2172967 composite?
False
Is 460133 a prime number?
False
Is 7715 composite?
True
Is 467 a composite number?
False
Is 18013 composite?
False
Is 873929 a composite number?
True
Is 35311 a composite number?
False
Is 4507 a composite number?
False
Is 30769 a prime number?
False
Is 525571 prime?
True
Is 118529 prime?
True
Is 8059 prime?
True
Is 107507 prime?
True
Is 14503 composite?
False
Is 38009 a composite number?
True
Is 268465 a prime number?
False
Is 4699 a composite number?
True
Is 43858 a prime number?
False
Is 31601 composite?
False
Is 280523 a prime number?
False
Is 60565 composite?
True
Is 219911 a prime number?
True
Is 4583 a prime number?
True
Is 224101 composite?
False
Is 1213529 a composite number?
False
Is 10487 composite?
False
Is 3987733 a composite number?
False
Is 127615 composite?
True
Is 143699 a prime number?
True
Is 125183 a prime number?
True
Is 1974961 a prime number?
True
Is 1151 prime?
True
Is 2167 a composite number?
True
Is 258551 composite?
False
Is 64507 prime?
False
Is 820873 a composite number?
False
Is 118967 a prime number?
True
Is 2263927 a prime number?
True
Is 12911 a composite number?
False
Is 100583 prime?
False
Is 121213 a composite number?
True
Is 5435 prime?
False
Is 2427 a prime number?
False
Is 45337 a composite number?
False
Is 10747 composite?
True
Is 145949 prime?
True
Is 202471 prime?
True
Is 20279 prime?
False
Is 49003 prime?
True
Is 1392311 prime?
True
Is 815583 composite?
True
Is 849469 a prime number?
False
Is 44017 a prime number?
True
Is 183191 a composite number?
False
Is 90257 a composite number?
True
Is 216187 a composite number?
True
Is 1561713 composite?
True
Is 111379 a prime number?
False
Is 85733 a composite number?
False
Is 5460101 a composite number?
False
Is 359761 composite?
False
Is 11643 a composite number?
True
Is 395 a composite number?
True
Is 2453 a prime number?
False
Is 101417 prime?
False
Is 4971 a prime number?
False
Is 24027 prime?
False
Is 6599 a composite number?
False
Is 10831 prime?
True
Is 26941 a composite number?
True
Is 210521 a prime number?
False
Is 11863 prime?
True
Is 114859 prime?
True
Is 2999 a prime number?
True
Is 1701209 a prime number?
False
Is 5039 a prime number?
True
Is 218609 a composite number?
True
Is 85691 prime?
True
Is 13997 prime?
True
Is 877073 composite?
False
Is 2661 prime?
False
Is 209887 a composite number?
False
Is 27997 a composite number?
False
Is 185293 prime?
False
Is 118739 composite?
False
Is 3953 a composite number?
True
Is 133139 a composite number?
True
Is 468439 a prime number?
True
Is 5199 a prime number?
False
Is 26641 a composite number?
False
Is 21587 a composite number?
False
Is 210299 prime?
True
Is 235187 prime?
False
Is 8621 a prime number?
False
Is 19667 a composite number?
True
Is 127 a prime number?
True
Is 98723 a prime number?
False
Is 254 a prime number?
False
Is 501 a composite number?
True
Is 181891 composite?
False
Is 23551 prime?
False
Is 110321 a composite number?
False
Is 244087 composite?
False
Is 52907 a composite number?
True
Is 2371 a composite number?
False
Is 1343219 a prime number?
True
Is 6761 prime?
True
Is 2337497 prime?
True
Is 19661 a composite number?
False
Is 2569 a composite number?
True
Is 5953 prime?
True
Is 1741 a prime number?
True
Is 331211 a composite number?
True
Is 25105 a composite number?
True
Is 6121 composite?
False
Is 82439 a composite number?
True
Is 446 a composite number?
True
Is 426905 composite?
True
Is 29059 prime?
True
Is 16349 a composite number?
False
Is 894893 a prime number?
True
Is 9917 composite?
True
Is 19033 a composite number?
True
Is 15689 prime?
False
Is 1514 composite?
True
Is 12797 a composite number?
True
Is 22657 a prime number?
False
Is 88937 a prime number?
True
Is 18923 prime?
False
Is 346621 a composite number?
True
Is 85385 prime?
False
Is 8005 a composite number?
True
Is 5273 a composite number?
False
Is 299771 composite?
False
Is 15419 composite?
True
Is 665929 a composite number?
True
Is 127 a composite number?
False
Is 1837181 a composite number?
False
Is 105371 a prime number?
False
Is 49229 a composite number?
True
Is 7091 a composite number?
True
Is 31007 prime?
False
Is 35071 composite?
True
Is 5333 prime?
True
Is 990761 a composite number?
False
Is 71741 prime?
True
Is 124057 prime?
False
Is 108233 prime?
True
Is 1087 a composite number?
False
Is 78809 composite?
False
Is 8441 a prime number?
False
Is 200639 composite?
False
Is 491 prime?
True
Is 54083 a prime number?
True
Is 293 a composite number?
False
Is 145421 a prime number?
False
Is 19797 composite?
True
Is 9143 composite?
True
Is 1260326 a prime number?
False
Is 37781 composite?
False
Is 34285 a prime number?
False
Is 4843 prime?
False
Is 5747 a composite number?
True
Is 12589 prime?
True
Is 13411 prime?
True
Is 308893 a composite number?
True
Is 13901 a prime number?
True
Is 2993443 a composite number?
False
Is 39079 a prime number?
True
Is 78347 prime?
True
Is 27527 prime?
True
Is 151023 a composite number?
True
Is 1471 prime?
True
Is 37733 a prime number?
False
Is 185789 prime?
True
Is 4729 a composite number?
False
Is 2335 prime?
False
Is 12517 a prime number?
True
Is 24657 composite?
True
Is 3683 a composite number?
True
Is 158435 prime?
False
Is 148991 a prime number?
True
Is 229461 composite?
True
Is 169759 a composite number?
True
Is 775529 p